 12*c**2 - 26*c - 5. List the prime factors of m(5).
2, 3, 5
List the prime factors of (-4456)/12*-1 + (-16)/12.
2, 5, 37
Let z(a) be the second derivative of 41*a**5/20 - a**3/6 - 20*a. List the prime factors of z(1).
2, 5
Let v(z) = 6*z**2 - 4*z - 2. Let b be v(-4). Suppose 2*w - 9 = 3. What are the prime factors of b/4 + w/4?
29
Let j(d) = -760*d + 8. Let y be j(-1). Suppose -y = -3*o + 2*g, o = 4*o - 4*g - 768. What are the prime factors of o?
2
Let r(l) = l**3 + 6*l**2 + 8*l + 166. Let v(x) = 2*x**3 + 11*x**2 + 15*x + 331. Let p(k) = -11*r(k) + 6*v(k). What are the prime factors of p(0)?
2, 5
Suppose 17564 = 19*c - 8580. What are the prime factors of c?
2, 43
Let f(l) = 62*l + 1532. List the prime factors of f(0).
2, 383
Suppose -78 - 50 = -4*p - 2*k, 169 = 5*p - 2*k. Let v = 80 - p. List the prime factors of v.
47
Let d(i) = -i**2 - 10*i - 4. Let f be d(-9). Suppose f*y - 16 = -2*s, 3*y = -2*y - 4*s + 12. Suppose 2*v = g - y, 1 = v - 2*v. List the prime factors of g.
2
Let z be 3*(-2)/6*5. Let l(o) = -3*o + 1. What are the prime factors of l(z)?
2
Let f = 4 + -2. Suppose -f*k = k. Suppose k*d - 3*d + 55 = -2*s, 5*d + 4*s = 55. What are the prime factors of d?
3, 5
Let f be (-16)/((-7 + 3)/(-4)). Let c = f + 12. List the prime factors of 5*(3 - 23)/c.
5
Let f(o) = -o**3 + 11*o**2 - 15*o - 9. Let k = -17 - -26. Let x be f(k). Let u = x + 36. List the prime factors of u.
2, 3
Let x(g) = -g**2 + 14*g + 20. Let k be x(15). Suppose 0 = j - k - 15. List the prime factors of 1212/j + (-2)/(-5).
61
Let d(x) = x**2 - 15*x - 99. List the prime factors of d(-8).
5, 17
Let p(x) = x**2 - 7*x - 37. Let c be p(13). Suppose -4*v = -0*v + 80. Let s = c + v. What are the prime factors of s?
3, 7
List the prime factors of 110/(-4)*((-792)/10)/11.
2, 3, 11
Let s(o) = -o**2 + o. Let m be s(1). Let p be (-3)/(12/(-76)) + m. Suppose -16 - p = -5*g. List the prime factors of g.
7
Let t(j) = j**3 - 4*j**2 + 3*j - 1. Let p be t(2). Let f(y) = -y**3 + 2*y + 2. List the prime factors of f(p).
23
Let m = 1226 - -182. List the prime factors of m.
2, 11
Suppose 2*o + 0*o + 1651 = 5*c, 4*c - 3*o = 1325. What are the prime factors of c?
7, 47
Let y(u) be the second derivative of u**4/12 - u**3 + 26*u. Suppose 0*p + 8 = p. What are the prime factors of y(p)?
2
Let a(n) be the first derivative of -n**2/2 + 2*n + 2. Let c be a(-3). Suppose -3*j = c*u - 173, -5*u - 6*j + j + 175 = 0. What are the prime factors of u?
2, 17
Suppose 58*d - 59*d + 3 = 0. Let q(n) = 9*n**3 + n**2 + 3*n - 4. What are the prime factors of q(d)?
257
Let q(d) = -d**2 - 18*d + 6. Let x be q(-11). Let n = 73 + x. What are the prime factors of n?
2, 3, 13
Suppose 4*m - 24 = -2*p, -5*p + 0*p + 4*m = -18. Suppose -p = -6*j + 3*j. Suppose -5*u = 4*n - 105, 6*n - j*n = -u + 21. What are the prime factors of u?
3, 7
Let p(t) = -t**3 + 9*t**2 - 11*t + 16. Let k be p(8). Let v(z) = -16*z - 32. List the prime factors of v(k).
2, 3
Let p(g) = -8 + 3*g**3 + 20 - 3*g**2 - 2*g - 11 + 3*g. Suppose 2*b - 2 - 2 = 0, -4*b + 23 = 5*o. What are the prime factors of p(o)?
2, 29
Suppose -3*t + 2*m = 263, 2*t + 3*m = -2*t - 328. Let q = 148 + t. What are the prime factors of q?
3, 7
Let f(z) = z**2 + 9*z - 10. Let w be f(7). Let b = 1 + 2. Suppose -b*s + 9 + w = 0. List the prime factors of s.
37
Let r = -22 - -26. Suppose g = -r*j + 156, 2*j = -5*g + 55 + 5. What are the prime factors of j?
2, 5
Let f be 53 + ((-20)/(-6) - 1/3). Let j = 14 + f. List the prime factors of j.
2, 5, 7
Let a be -126 - (-2 + 7 + (-6)/2). Let d = -63 - a. What are the prime factors of d?
5, 13
Let i = 11 + -9. Suppose 4*v - v - i*z - 189 = 0, 5*v = -z + 302. What are the prime factors of v?
61
Suppose 2*m - 5*k + 159 = 0, 6*m = 2*m + 5*k - 343. Let f = m + 175. List the prime factors of f.
83
Suppose 4*z - 16 = -4*o, 3*z + o = -0*o + 14. Let d = -10 + 13. Let r = z - d. What are the prime factors of r?
2
What are the prime factors of 1921 + -2 + 52/13?
3, 641
Suppose -2*s - 2*k = -202, -9*k + 289 = 3*s - 13*k. Let v = 131 + s. List the prime factors of v.
2, 5, 23
List the prime factors of (-2)/(-4) - ((-13836)/8 + -5).
5, 347
Let a(l) = 4*l**2 + 4 + 2 - 28*l + 28*l. What are the prime factors of a(3)?
2, 3, 7
Let v = 32 + 0. Suppose -88 = -j - v. List the prime factors of j.
2, 7
Suppose 2*f + 118 - 2342 = 0. What are the prime factors of f?
2, 139
Let d(a) = -a**3 - 10*a**2 - 13*a + 9. What are the prime factors of d(-11)?
3, 7, 13
Let k(q) = 92*q - 587. What are the prime factors of k(56)?
5, 11, 83
Let g = 36 + -25. Let t = g + -11. Suppose 5*x - p = 94, -3*p + 3 = -t*p. List the prime factors of x.
19
Let m(d) = -98*d**2 - 2*d - 1. Let o be m(-1). Let z = -60 - o. What are the prime factors of z?
37
Suppose -2*k + 32 = 5*p - 20, -2*k + 40 = 4*p. Let v = p + -29. Let l = -10 - v. What are the prime factors of l?
7
Suppose 3921 = 32*q - 12367. What are the prime factors of q?
509
Let r(h) = 26*h**2 + 130*h + 18. List the prime factors of r(-8).
2, 3, 107
Suppose 5*d + y - 740 = 0, 0*y = 4*d + y - 592. Suppose -60*z - d = -64*z. What are the prime factors of z?
37
Let f(r) = 2*r**2 + 4*r - 2*r - 5*r + 4. What are the prime factors of f(7)?
3
Let f(s) = -s**2 - 3*s + 27. Let n be f(-17). Let d = n - -323. What are the prime factors of d?
2, 7
Suppose -d = -m + 2 - 1, -5*m - 2*d = 16. What are the prime factors of -3 - (-2 - (13 - m))?
2, 7
Let f(m) = m**3 + 12*m**2 - 2*m - 10. Let y(a) = 4*a + 2. Let p be y(-3). List the prime factors of f(p).
2, 3, 5, 7
Suppose -3*p + 2515 + 2723 = 0. List the prime factors of p.
2, 3, 97
List the prime factors of 7/(-14) + 6898/4.
2, 431
Let i = 712 - 496. What are the prime factors of i?
2, 3
Let o(t) = 5*t + 4. Suppose -4*v - 3*r = -26 + 97, 4*v - 3*r + 41 = 0. Let z be (1 - (-36)/(-28))*v. List the prime factors of o(z).
2, 3
Let t be 0 + 0 + -3*4. Suppose 0 = -5*v + 15, -m + 5*v = m - 61. Let y = m + t. What are the prime factors of y?
2, 13
Let h = -64 + 166. Suppose h = -21*w + 24*w. List the prime factors of w.
2, 17
Let s(w) = -w - 8*w**3 + 37 + 13*w**3 - 6*w**3 - 9*w**2. List the prime factors of s(-9).
2, 23
Suppose -10*r + 8*r - 2628 = -4*s, -4*s + 2640 = -5*r. Suppose 4*f - z - 874 = 0, -3*f + z + s = -0*f. What are the prime factors of f?
3, 73
Let s(y) = -4*y**3 - 3*y**2 - y + 1. Let m be s(-2). Let w = 23 - m. Suppose 3*j + 3*k = 72, w = -5*j + 5*k - 0*k + 100. List the prime factors of j.
2, 11
List the prime factors of 1*(1655/(-15) + 5)*-3.
2, 79
Suppose 16*z + 655 = 5823. What are the prime factors of z?
17, 19
What are the prime factors of 141/(-235) + ((-8208)/10)/(-3)?
3, 7, 13
Suppose -19*i + 18*i + 274 = 0. Suppose 3*n - i = 209. List the prime factors of n.
7, 23
Suppose -3*d - 4*y = -9, 3*d + 0*y = 4*y + 9. List the prime factors of d.
3
Let v(x) be the third derivative of x**5/60 + 3*x**4/8 - 3*x**3/2 - 16*x**2. List the prime factors of v(-11).
13
List the prime factors of 40476/42 + (-8)/(-28).
2, 241
Let t be 14/((-4 - -4) + 1). Let k = t - -150. List the prime factors of k.
2, 41
Let d(l) = l**3 + 11*l**2 + 6*l - 40. What are the prime factors of d(-8)?
2, 13
Let h(y) = -7*y + 5. Let c(f) = -f + 5. Let t be c(0). Suppose -t*z = -0*z + 20. List the prime factors of h(z).
3, 11
Let r = 25 + -59. Let i = -31 - r. What are the prime factors of i?
3
Let s(m) = 110*m**2 + 37*m. List the prime factors of s(-4).
2, 13, 31
Let s = -11083 - -15669. List the prime factors of s.
2, 2293
Let k = -263 + 408. Suppose 0 = 9*w - 4*w - k. List the prime factors of w.
29
Let o = -42 + 16. Let s = o + 30. Suppose s*a = -4 + 108. What are the prime factors of a?
2, 13
Let t = -102 - -144. List the prime factors of t.
2, 3, 7
Suppose -247*j + 4956 = -243*j. List the prime factors of j.
3, 7, 59
Suppose -4*o - 570 + 3694 = 0. Suppose -211 = 3*s - o. What are the prime factors of s?
2, 5, 19
Let g(r) = -40*r + 10*r - 2 + 10 - 39. What are the prime factors of g(-4)?
89
What are the prime factors of (-989902)/(-354) + 2/(-6)?
2, 3, 233
Let l(c) = 2*c**2 + 6*c + 4. Let m be l(-4). Suppose -h - 3*h = m, 4*w = 5*h + 39. List the prime factors of (w - 16)*(-1 + -5).
2, 3, 5
Suppose 3*m - 51 - 13 = -2*c, -4*c = 2*m - 40. Let u be (-9 - -1)/(m/55). Let y = -10 - u. List the prime factors of y.
2, 5
Let d 